 r = 108 - 103. Suppose 2*c + r*m = 94, -2*c - 2*m + 55 = -39. Suppose -2*v + c = 5. What is the remainder when 59 is divided by v?
17
Let d(q) = 2*q**3 - 6*q**2 + 11*q - 4. Let a = 1809 - 1798. What is the remainder when d(5) is divided by a?
8
Let p(i) = i**2 + 8*i + 10. Let j = -6179 - -6261. Calculate the remainder when j is divided by p(-11).
39
What is the remainder when -3*((-16)/104 + (-108248)/104) is divided by 44?
43
Suppose -9*z = -30*z + 883 - 232. What is the remainder when 12709 is divided by z?
30
Suppose -83 = -7*w + 1. Let a(z) = -z**2 + 12*z + 15. Let h be a(w). Let v = h - -20. What is the remainder when v is divided by 18?
17
Suppose -10*g + 180 = 2*b, -b + 2*g + 108 = b. What is the remainder when 1799 is divided by b?
59
Calculate the remainder when (27/(-2))/(870/(-17980)) is divided by 94.
91
Suppose -2*z + 0*x + 38 = -2*x, x + 36 = 2*z. Calculate the remainder when 322 is divided by z.
16
Let b = 92 + -50. Let z(v) = v**3 - 10*v**2 - 8*v - 21. Calculate the remainder when b is divided by z(11).
6
Let k(b) = 25*b - 127. Let h(r) = -r**3 - 8*r**2 + 10*r + 11. Calculate the remainder when h(-10) is divided by k(6).
19
Suppose 3*h = 0, -926 = 23*f - 25*f + 3*h. What is the remainder when f is divided by 151?
10
Suppose -2*m = -0*m - 4. Suppose 0 = 2*s, m*s + s - 45 = -5*h. Calculate the remainder when 57 is divided by h.
3
Let r be -1 - (5*-1 - -2). Let a(l) = -16*l - 312. What is the remainder when (0 - (r - 1)) + 32 is divided by a(-20)?
7
Suppose 177*b + 106501 - 278341 = 17*b. Calculate the remainder when b is divided by 105.
24
Suppose 5905 = 26*q - 23683. What is the remainder when q is divided by 48?
34
Let i(h) = -63*h - 154. Let c = 583 + -563. Calculate the remainder when i(-10) is divided by c.
16
Let o = 2813 + -2828. Let f(v) = 31*v**2 + v - 1. Let t be f(1). Let m = t + o. Calculate the remainder when 93 is divided by m.
13
Let d(x) = 33*x - 36 + 57*x + 45*x - 14*x - 4. Calculate the remainder when d(2) is divided by 26.
20
What is the remainder when 195 is divided by 1*(47 - (-1 + -3)*-1)?
23
Calculate the remainder when (-5)/20*(-2860)/5 is divided by 8.
7
Let n(m) = 26*m**3 - m. Let q be n(1). Suppose 1 = -4*u + q. Suppose -u*g + 1 = -5. Calculate the remainder when 3 is divided by g.
0
Let g be ((-1)/(-3))/(2/18). Suppose 300 = -4*f - 3*x, f - g*x + 60 = -0*f. Let m = 104 + f. Calculate the remainder when m is divided by 17.
15
Suppose -b - 8666 = -8684. What is the remainder when 146 is divided by b?
2
What is the remainder when 162 is divided by (86/2 + (168/14)/(-2))*2?
14
Suppose -2*y + 4*z = -4886, -5*y + 58*z + 12227 = 54*z. What is the remainder when y is divided by 31?
29
Suppose 669*r = 817*r - 3701184. Calculate the remainder when r is divided by 10.
8
What is the remainder when 221 is divided by (-2*(-6)/(-7))/(35 + (-79452)/2268)?
5
Let p(g) be the third derivative of 2*g**4/3 - g**3/2 + 57*g**2. What is the remainder when 30 is divided by p(1)?
4
Let s(c) = -c**3 - 8*c**2 - 2*c - 13. Suppose -73 = -12*v - 13. Suppose -4*p - p = 5*m + 15, -v*m = 3*p + 5. Calculate the remainder when s(-8) is divided by m.
1
Suppose 6*q - q + 176 = 16*q. What is the remainder when 3437 is divided by q?
13
Let b(n) = 3*n**2 + 8*n + 24. Let a be b(-6). Suppose -5*v + 2*v - 231 = 0. Let o = a + v. What is the remainder when 10 is divided by o?
3
Let f = -108 + 132. Suppose -f*r + 45 = -19*r. Calculate the remainder when 52 is divided by r.
7
Let l(m) = 363 + 14*m + 36 - 61. What is the remainder when l(-11) is divided by 21?
16
Suppose -10934 = 296*s - 347190. What is the remainder when s is divided by 100?
36
Suppose 36 = 3*q - 33. What is the remainder when 11/(-88) - ((-265)/8*1 + 2) is divided by q?
8
Let a(f) = 74*f**2 + 380*f + 1. Calculate the remainder when a(-7) is divided by 61.
52
Suppose -3*g + 569 - 5380 = -2*a, -5 = -g. What is the remainder when a is divided by 15?
13
Suppose 0 = 4*w + 243*v - 248*v - 140, 5*w + 4*v - 134 = 0. What is the remainder when 769 is divided by w?
19
Let a(g) = 3*g**2 - 4*g - 6. Let p be a(-2). Suppose -16*v = 5*j - p*v - 133, 0 = -j + v + 28. What is the remainder when 77 is divided by j?
23
Let t(i) = 29*i - 38. Let m = 17 - 15. What is the remainder when 398 is divided by t(m)?
18
Suppose -6367 = -4*a + q, -30*a + 4798 = -27*a - 4*q. What is the remainder when a is divided by 3?
0
Let g(i) = 3*i**2 - i**3 + i - 4 + 4 - 3. Let z be g(3). Let q(t) = 2*t**2 - t + 14. Calculate the remainder when q(z) is divided by 8.
6
Suppose 7 = g + 2*k, -2*k = 2*g - 7*k - 5. Let f = -155 + 158. Suppose 86 + f = 4*w - g*n, 4*n = -20. What is the remainder when 77 is divided by w?
13
Let t(d) = -d + 1. Let s(i) be the third derivative of 5*i**4/8 - i**3/3 - 28*i**2. Let c(v) = s(v) - t(v). Calculate the remainder when c(2) is divided by 17.
12
Suppose -5*d = -5, d - 117 = -5*q - 1. Suppose 2*z + 3*f - 3 = 0, 0 = -4*z - 3*f + 2*f + 1. Let r = 8 + z. Calculate the remainder when q is divided by r.
7
Suppose 0 = 262*p - 263*p + 39. Suppose -u + 2 = 4*q - p, 3*q - 47 = -4*u. What is the remainder when 56 is divided by q?
2
Let v = 15004 + -14403. What is the remainder when v is divided by 16?
9
Let g = -439 + 445. Calculate the remainder when (-3 + -16)*(2 - 3) is divided by g.
1
Let b be (0 - 3 - -7) + 33. Let t = b + -2. Let v(r) = r**2 - 5*r - 1. What is the remainder when v(-8) is divided by t?
33
Let b(i) = 21*i + 1. Let s(f) = 8*f - 73. Let r be s(8). Let m(p) = p**3 + 12*p**2 + 18*p + 26. Calculate the remainder when m(r) is divided by b(1).
19
Let z be 5*14/35*3/1. Let m(f) = 92*f - 57. Calculate the remainder when m(z) is divided by 83.
80
Let j = 9 + -6. Calculate the remainder when 15/4*(-1928)/(-723) is divided by j.
1
Suppose 20*g - 961 = -4*g - 7*g. Calculate the remainder when 166 is divided by g.
11
Let p = 4640 - 2118. Calculate the remainder when p is divided by 629.
6
Let m = -4346 - -4478. Calculate the remainder when 135 is divided by m.
3
Let s = -402 + 472. What is the remainder when s is divided by 8?
6
Let u(y) = 54*y**2 - 7*y - 8. Let m be u(-1). Suppose 4 = k, -3*r + 2*k = -2*r - m. What is the remainder when r is divided by 22?
17
Suppose -12*l + 515 - 261 = -2278. Calculate the remainder when 823 is divided by l.
190
Suppose -12 - 51 = 7*v. Let r = 13 - v. Let h = r - -1. What is the remainder when 42 is divided by h?
19
Suppose 10*u + 289 = 4169. Suppose -7*l = -u - 46. Suppose 2*n = -0*n + 42. Calculate the remainder when l is divided by n.
20
Suppose 3944 = 22*b + 30*b + 16*b. Calculate the remainder when b is divided by 29.
0
Let b = 59 + -55. Suppose 2*w = -4*m - 2, m + 4*w + 3 = -1. Suppose i - 2*d - 2 = 0, 0*i - i + b*d - 2 = m. What is the remainder when 29 is divided by i?
5
Let z = -9125 - -9142. What is the remainder when 1732 is divided by z?
15
Suppose -26 = -17*y + 42. Suppose -y*a + 45 = a. Calculate the remainder when 41 is divided by a.
5
Let b be (-624)/(-64) - 10/(-8). Suppose 8*m = 7*m + b. Calculate the remainder when 52 is divided by m.
8
Let r = 7380 - 7237. What is the remainder when r is divided by 43?
14
Suppose 12*g + m - 121 = 9*g, 92 = 2*g - 5*m. Calculate the remainder when g is divided by -3 - (273/(-13) + -4*1).
19
Let p(y) = y**2 - 8*y. Let c be p(9). Let z be ((-24)/c - -2) + 112/24. Let i = z + -2. Calculate the remainder when 22 is divided by i.
0
Suppose 903 = 5*j - 56*y + 54*y, 4*y + 539 = 3*j. What is the remainder when 1084 is divided by j?
179
Let c(u) = u**2 + 109*u - 217. Let o(m) = m**2 - 6*m - 1. Let f be o(6). Let j = 4 + f. What is the remainder when c(-111) is divided by j?
2
Calculate the remainder when 382 is divided by 188 - ((-3)/(3 + -9 + 3))/(-1).
4
Let l be 1/((-2)/(-5)*(-7)/14). Let p(s) = s**2 + 3*s. Let y be p(l). Suppose -3*z + y + 17 = 0. Calculate the remainder when z is divided by 3.
0
Suppose 464 = 3*z - 2*t, 0 = 4*z + 5*t - 10*t - 607. What is the remainder when z is divided by 146?
12
Calculate the remainder when 1239 is divided by ((-90)/(-75))/((-36)/(-270)).
6
Let m(h) = -2*h + 40. Let q be m(20). Calculate the remainder when -1 + q + (-1 - (-77 - 3)) is divided by 24.
6
Suppose -3*i - 62 = -2*x, -4*x + 4*i + 202 - 78 = 0. Suppose -9*y - x + 103 = 0. What is the remainder when 36 is divided 